1). Let b(g) = 10*g + 17. What are the prime factors of b(i)?
167
Suppose 0 = p - l - 4, -4*p - 8 = -5*p + 5*l. Suppose -d + 16 = t, -p*t + 6*t - 76 = -5*d. What are the prime factors of (-72)/d*(-21)/6?
2, 3
Suppose 1635 = 8*h - 5*h. List the prime factors of h.
5, 109
Suppose 2*g - 3703 = -i + 998, -2*i = -10. What are the prime factors of g?
2, 587
Let w = 11 - -374. What are the prime factors of w?
5, 7, 11
Let f(t) = 2*t + 16. Let j be f(-19). Let i = j + 208. List the prime factors of i/6 + (0 - -3).
2, 17
Let w = -202 - -357. Let t = w - 13. List the prime factors of t.
2, 71
Suppose 88*m + 3528 = 106*m. List the prime factors of m.
2, 7
Suppose -5*i + 169 + 1496 = -5*l, -5*l + 1665 = 5*i. What are the prime factors of i?
3, 37
Let r(p) be the third derivative of -p**5/60 - p**4/24 - p**3/6 - 6*p**2. Let k be r(0). List the prime factors of k/(-2) + (-558)/(-12).
47
Let o be (-10)/(-3) + 4/(-12). Let g(h) = -10 - 3*h + h**3 + 7*h + 2*h - 11*h**2 - o*h. What are the prime factors of g(11)?
23
Let p(j) = 3*j - 28. Let x be p(12). Let c = x + -5. List the prime factors of c.
3
Let d = -242 - -1247. List the prime factors of d.
3, 5, 67
Let o(a) = -a**3 + 23*a**2 - 4*a - 63. List the prime factors of o(11).
5, 269
List the prime factors of -1 + 0 + 3887 + 5.
3, 1297
Let a = -130 + 183. Suppose 3*b - 183 = -2*u, -b + 41 + a = u. What are the prime factors of u?
3, 11
Suppose -1 = -2*d + 3. Let n be d/11 + (-15930)/(-110). Suppose -3*r + 119 = r + 5*u, 5*r = -5*u + n. List the prime factors of r.
2, 13
Let y = -268 - -428. Let g = 19 + y. List the prime factors of g.
179
Let b(j) = j**3 + 9*j**2 - 3*j - 5. Let y(d) = d + 19. Let w be y(-10). Suppose i + 0*i + w = 0. List the prime factors of b(i).
2, 11
Suppose -y - 1 = a, 5*y - 3*y + 2 = -3*a. Let c(s) = 22*s**2 + s + 23. Let l(k) = -5*k**2 - 6. Let d(n) = -2*c(n) - 9*l(n). List the prime factors of d(a).
2
Let s = -27 + 71. Let z = 13 + s. List the prime factors of z.
3, 19
Let u be (2/((-8)/6))/((-6)/16). Suppose -2*t + 221 = 3*o + 62, -5*t + u*o + 432 = 0. List the prime factors of t.
2, 3, 7
Suppose 498 - 2175 = -2*p + 5*o, -3*o = -5*p + 4164. What are the prime factors of p?
3, 277
Suppose -14 = -2*f - 4*h, -3*f - 4*h = -5*f - 2. List the prime factors of (-166)/(-6) - (f/(-9) - 0).
2, 7
Let q(z) = -z**2 - 4. Let w be q(-4). Let m = w + 22. List the prime factors of m.
2
Let s(t) = 24*t + 90. What are the prime factors of s(11)?
2, 3, 59
Suppose 29*n = 20*n + 6372. What are the prime factors of n?
2, 3, 59
Let q = -5667 + 9074. What are the prime factors of q?
3407
Suppose -3*k - 254821 = -62*k. What are the prime factors of k?
7, 617
Suppose 5*p = 4*v - 10, -4*v - 3*p + 12 + 14 = 0. Let d(j) = v*j**3 - 4*j**3 - 10*j**2 + 0*j - 15 + 5*j. List the prime factors of d(10).
5, 7
Let c be -2*(-3)/6 + 2. Suppose -2*o + 15 = 3*o - 4*i, o - c = 3*i. Suppose r - o*k - 36 = 0, r + 3*k - 12 = -0*k. What are the prime factors of r?
2, 3
Let g be -6 + 10 - (15 + -1). Let i be 8/g + 80/100. List the prime factors of (i - -36)*30/45.
2, 3
Let y(h) = 2*h**2 - 15*h - 454. List the prime factors of y(60).
2, 37, 79
Suppose -2*d - 3*d + 4*c + 21 = 0, 3*d - 16 = -c. Suppose d*p = 4*p + 9. What are the prime factors of p?
3
Let f be ((-16)/20)/(4/50). List the prime factors of 3 + f*5/(-2).
2, 7
Let k(s) = s**3 - 2*s**2 + 9*s + 3 - 4 - 5*s**2 + 0. Let z be k(7). Let n = z - 23. List the prime factors of n.
3, 13
Let s(z) = z**3 + 14*z**2 - 16*z - 13. Let c be s(-15). Suppose 0 = -v - 2*u - 4, c*u = -3*v - 4 - 8. List the prime factors of (9/v)/((-12)/32).
2, 3
Suppose -4*d + 5*q = 9, 2*q - 20 = -3*d + 2. Suppose -d*s + 184 = -2*s. Suppose 6*p - 316 = s. What are the prime factors of p?
2, 17
Let f(l) be the third derivative of -l**5/60 + 23*l**3/6 + 6*l**2. Let j(o) = o**2 + 2*o - 3. Let x be j(-3). What are the prime factors of f(x)?
23
Let b(w) = -w**2 - 3*w - 1. Let d be b(-2). Let v be 3/d + 2 - 3. Suppose 2*g - 4*g + 12 = h, 0 = -v*h - 4. What are the prime factors of g?
7
Suppose 7*c - 30 = 8*c. Let d = 24 + c. Let l(j) = j**3 + 7*j**2 + 3*j + 6. List the prime factors of l(d).
2, 3
Let b be -2*(4/(-4))/1. Suppose 0*u + 5*d = -u - 49, -71 = b*u + d. What are the prime factors of (-922)/u + 2/(-17)?
3
Let c = 334 - 238. Suppose -j + 2*v + c = 0, -6*j + 5*v - 233 = -9*j. List the prime factors of j.
2, 43
Let i(j) = -38*j - 6. Let w be i(-4). Suppose 4*o - u = 197, 2*o - 3*u - w + 55 = 0. Suppose 0 = -5*g + o + 20. What are the prime factors of g?
2, 7
Let f be -919 + (-2 + 2 - 18/(-6)). What are the prime factors of (-6)/9 + f/(-6)?
2, 19
Let z(d) = -2*d**2 + d + 1. Let h(a) = 6*a**2 - 2*a - 3. Let x(l) = -2*h(l) - 7*z(l). Let v be x(3). Suppose -4*y - 20 = -v*y. What are the prime factors of y?
5
Suppose 3*f + f + 24 = 0. List the prime factors of (2 - 154)*3/f.
2, 19
Suppose -51428 = -21*r - 2*r. What are the prime factors of r?
2, 13, 43
Let v = 68 + -65. Suppose w = -v*w + 72. What are the prime factors of w?
2, 3
Let f(z) = 13*z + 4. Let s be f(5). Suppose 3*m - 4*i + 91 = -s, 2*m = -2*i - 88. Let v = -28 - m. List the prime factors of v.
2, 5
List the prime factors of ((-6)/(-4))/(15/24690).
3, 823
Let r(s) = -s**3 + 4*s**2 - 2*s - 2. Let w be r(2). Let x be 2*w/(8/10). Suppose 3*d = -2*d - x*i + 75, 0 = -2*d + i + 36. List the prime factors of d.
17
Let t(a) = -253*a**2 + 55*a - 55. Let b(d) = 14*d**2 - 3*d + 3. Let r(o) = 55*b(o) + 3*t(o). What are the prime factors of r(-1)?
11
Let k(u) = -u**3 + 17*u**2 - 11*u + 53. What are the prime factors of k(15)?
2, 13
Suppose -19*k + 12824 = -22117. List the prime factors of k.
3, 613
Let w = -18 + 13. Let p(z) = -16 + 4*z + z**2 - 13 + 48 - 15. List the prime factors of p(w).
3
Let m = 55 - -10. Let l = -35 + m. What are the prime factors of l?
2, 3, 5
Let t be 46 + 0 + -3*1. Let j = t + 121. List the prime factors of j.
2, 41
Suppose 0 = -9*t + 7*t + 2*x + 2108, 4*x + 1063 = t. What are the prime factors of t?
1051
Let l(f) = f**3 + 5*f**2 - 7*f - 4. Let z be l(-6). Suppose -20 = -5*p, -5*j - 2*p + 16 = z*p. Suppose -2*t + 6 + 2 = j. What are the prime factors of t?
2
Let s be (-81)/(-15) - (4/10)/1. Suppose 475 = s*o + 5*y, 0 = -3*y + y. List the prime factors of o.
5, 19
Let z = 1229 - 906. List the prime factors of z.
17, 19
Suppose 3*s = 6*s - 144. Let h = s + 42. List the prime factors of h.
2, 3, 5
Let k be (-52)/(-14) - ((-16)/(-14))/(-4). List the prime factors of ((-15)/7)/((-12)/21)*k.
3, 5
Let p(d) be the second derivative of -1/6*d**3 + 0 + 1/20*d**5 + d + 10*d**2 + 0*d**4. What are the prime factors of p(0)?
2, 5
Let f(y) = 72*y - 38. What are the prime factors of f(8)?
2, 269
Let v be (-11 - -5)/(1/1). Let a be v/9 + 4/6. Suppose -5*o + a*o + 3 = b, 49 = 3*b - 5*o. List the prime factors of b.
13
Suppose -2*d + 4 = 0, 3*r - 3*d = d + 11767. List the prime factors of r.
5, 157
Let z = -539 - -846. List the prime factors of z.
307
Let b be 10 + (25/(-1))/5. Suppose n - 71 = b*i, n + i - 4*i - 75 = 0. List the prime factors of n.
3
Let r(q) = -8*q**2 - 2*q + 2. Let y be r(1). Let p be 634/(-10) - y/20. Let o = -32 - p. What are the prime factors of o?
31
List the prime factors of 3 + (-108436)/(-28) + 48/168.
2, 3, 17, 19
Suppose 0 = 2*d + 5*n + 11 - 44, -2*d - 4*n + 28 = 0. Let q(c) = -c + 0*c**2 - c + c**2 + d*c. What are the prime factors of q(-4)?
2
Suppose 4*t = 3*w - 79, -3*t + 3*w - 98 = 2*t. Let g(o) = -o**2 - 24*o - 60. What are the prime factors of g(t)?
5, 7
Let f(i) = -i**2 + 8*i - 5. Let c be f(7). Suppose -5*k - 51 = c*a + 37, -3*a = -k + 132. Let r = -24 - a. List the prime factors of r.
2, 5
Let z(j) = -1283*j**3 + 9*j + 9. What are the prime factors of z(-1)?
1283
Let w be (-1)/((2 - -1)/(-3)). Let t be w + (0 - -26) - -3. Suppose -3*v = -5*v + t. List the prime factors of v.
3, 5
What are the prime factors of 772*66/99*(-3)/(-4)?
2, 193
Suppose 5*r + 1140 = 3*s, -3*s - 422 - 262 = 3*r. Let k = -128 - r. What are the prime factors of k?
2, 5
Let a(j) = 17*j**2 - j + 1. Let r(d) = -d - 4. Let q be r(-6). List the prime factors of a(q).
67
Let f be (-8 - -13)*2/5. Suppose -5*c + f*q + 562 = 0, 4*c + 0*q = -4*q + 472. What are the prime factors of c?
2, 3, 19
Let u(f) = 2*f - 2. Let r be u(-2). Let c(s) be the third deri